{"id":2659,"date":"2021-04-21T15:24:50","date_gmt":"2021-04-21T13:24:50","guid":{"rendered":"https:\/\/hbchockeyshop.com\/?post_type=product&#038;p=2659"},"modified":"2021-04-23T19:54:41","modified_gmt":"2021-04-23T17:54:41","slug":"t-shirt-hbc-aesio","status":"publish","type":"product","link":"https:\/\/hbchockeyshop.com\/index.php\/produit\/t-shirt-hbc-aesio\/","title":{"rendered":"T-Shirt HBC Aesio"},"content":{"rendered":"<p><strong>T-shirt HBC Aesio<\/strong><\/p>\n<p>Ce T-shirt softstyle \u00a0est un article de r\u00e9f\u00e9rence pour toute garde-robe devrait avoir. Il est fabriqu\u00e9 dans un tissu de coton durable et pr\u00e9sente une encolure et des manches \u00e0 double piq\u00fbre.<\/p>\n<ul>\n<li>100 % coton fil\u00e9 \u00e0 l\u2019anneau<\/li>\n<li>La couleur Sport Grey contient 90 % de coton fil\u00e9 \u00e0 l\u2019anneau,10 % polyester<\/li>\n<li>La couleur Dark Heather est compos\u00e9e \u00e0 65 % de polyester et 35 % de coton<\/li>\n<li>Poids du tissu : 153 g\/m\u00b2<\/li>\n<li>Pr\u00e9-r\u00e9tr\u00e9ci pour une durabilit\u00e9 accrue<\/li>\n<li>Bande de propret\u00e9 d\u2019\u00e9paule \u00e0 \u00e9paule<\/li>\n<\/ul>\n<div><\/div>\n<div><b>Couleurs:<\/b> Noire \/ Gris \/ Navy<br \/>\n<b>Genre:<\/b> Unisex<\/div>\n<p>&nbsp;<\/p>\n","protected":false},"excerpt":{"rendered":"<p>T-shirt HBC Aesio Ce T-shirt softstyle \u00a0est un article de r\u00e9f\u00e9rence pour toute garde-robe devrait avoir. Il est fabriqu\u00e9 dans un tissu de coton durable et pr\u00e9sente une encolure et des manches \u00e0 double piq\u00fbre. 100 % coton fil\u00e9 \u00e0 l\u2019anneau La couleur Sport Grey contient 90 % de coton fil\u00e9 \u00e0 l\u2019anneau,10 % polyester [&hellip;]<\/p>\n","protected":false},"featured_media":2662,"comment_status":"open","ping_status":"closed","template":"","meta":{"site-sidebar-layout":"default","site-content-layout":"default","ast-site-content-layout":"default","site-content-style":"default","site-sidebar-style":"default","ast-global-header-display":"","ast-banner-title-visibility":"","ast-main-header-display":"","ast-hfb-above-header-display":"","ast-hfb-below-header-display":"","ast-hfb-mobile-header-display":"","site-post-title":"","ast-breadcrumbs-content":"","ast-featured-img":"","footer-sml-layout":"","ast-disable-related-posts":"","theme-transparent-header-meta":"default","adv-header-id-meta":"","stick-header-meta":"","header-above-stick-meta":"","header-main-stick-meta":"","header-below-stick-meta":"","astra-migrate-meta-layouts":"default","ast-page-background-enabled":"default","ast-page-background-meta":{"desktop":{"background-color":"","background-image":"","background-repeat":"repeat","background-position":"center center","background-size":"auto","background-attachment":"scroll","background-type":"","background-media":"","overlay-type":"","overlay-color":"","overlay-opacity":"","overlay-gradient":""},"tablet":{"background-color":"","background-image":"","background-repeat":"repeat","background-position":"center center","background-size":"auto","background-attachment":"scroll","background-type":"","background-media":"","overlay-type":"","overlay-color":"","overlay-opacity":"","overlay-gradient":""},"mobile":{"background-color":"","background-image":"","background-repeat":"repeat","background-position":"center center","background-size":"auto","background-attachment":"scroll","background-type":"","background-media":"","overlay-type":"","overlay-color":"","overlay-opacity":"","overlay-gradient":""}},"ast-content-background-meta":{"desktop":{"background-color":"var(--ast-global-color-5)","background-image":"","background-repeat":"repeat","background-position":"center center","background-size":"auto","background-attachment":"scroll","background-type":"","background-media":"","overlay-type":"","overlay-color":"","overlay-opacity":"","overlay-gradient":""},"tablet":{"background-color":"var(--ast-global-color-5)","background-image":"","background-repeat":"repeat","background-position":"center center","background-size":"auto","background-attachment":"scroll","background-type":"","background-media":"","overlay-type":"","overlay-color":"","overlay-opacity":"","overlay-gradient":""},"mobile":{"background-color":"var(--ast-global-color-5)","background-image":"","background-repeat":"repeat","background-position":"center center","background-size":"auto","background-attachment":"scroll","background-type":"","background-media":"","overlay-type":"","overlay-color":"","overlay-opacity":"","overlay-gradient":""}}},"product_brand":[],"product_cat":[98],"product_tag":[],"class_list":{"0":"post-2659","1":"product","2":"type-product","3":"status-publish","4":"has-post-thumbnail","6":"product_cat-t-shirts","7":"desktop-align-left","8":"tablet-align-left","9":"mobile-align-left","11":"first","12":"instock","13":"purchasable","14":"product-type-variable"},"yoast_head":"<!-- This site is optimized with the Yoast SEO plugin v25.5 - https:\/\/yoast.com\/wordpress\/plugins\/seo\/ -->\n<title>T-Shirt HBC Aesio - HBC Shop<\/title>\n<meta name=\"robots\" content=\"index, follow, max-snippet:-1, max-image-preview:large, max-video-preview:-1\" \/>\n<link rel=\"canonical\" href=\"https:\/\/hbchockeyshop.com\/index.php\/produit\/t-shirt-hbc-aesio\/\" \/>\n<meta property=\"og:locale\" content=\"fr_FR\" \/>\n<meta property=\"og:type\" content=\"article\" \/>\n<meta property=\"og:title\" content=\"T-Shirt HBC Aesio - HBC Shop\" \/>\n<meta property=\"og:description\" content=\"T-shirt HBC Aesio Ce T-shirt softstyle \u00a0est un article de r\u00e9f\u00e9rence pour toute garde-robe devrait avoir. Il est fabriqu\u00e9 dans un tissu de coton durable et pr\u00e9sente une encolure et des manches \u00e0 double piq\u00fbre. 100 % coton fil\u00e9 \u00e0 l\u2019anneau La couleur Sport Grey contient 90 % de coton fil\u00e9 \u00e0 l\u2019anneau,10 % polyester [&hellip;]\" \/>\n<meta property=\"og:url\" content=\"https:\/\/hbchockeyshop.com\/index.php\/produit\/t-shirt-hbc-aesio\/\" \/>\n<meta property=\"og:site_name\" content=\"HBC Shop\" \/>\n<meta property=\"article:modified_time\" content=\"2021-04-23T17:54:41+00:00\" \/>\n<meta property=\"og:image\" content=\"https:\/\/hbchockeyshop.com\/wp-content\/uploads\/2021\/04\/unisex-basic-softstyle-t-shirt-navy-front-605ee1e783e2a.png\" \/>\n\t<meta property=\"og:image:width\" content=\"1000\" \/>\n\t<meta property=\"og:image:height\" content=\"1000\" \/>\n\t<meta property=\"og:image:type\" content=\"image\/png\" \/>\n<meta name=\"twitter:card\" content=\"summary_large_image\" \/>\n<script type=\"application\/ld+json\" class=\"yoast-schema-graph\">{\"@context\":\"https:\/\/schema.org\",\"@graph\":[{\"@type\":\"WebPage\",\"@id\":\"https:\/\/hbchockeyshop.com\/index.php\/produit\/t-shirt-hbc-aesio\/\",\"url\":\"https:\/\/hbchockeyshop.com\/index.php\/produit\/t-shirt-hbc-aesio\/\",\"name\":\"T-Shirt HBC Aesio - HBC Shop\",\"isPartOf\":{\"@id\":\"https:\/\/hbchockeyshop.com\/#website\"},\"primaryImageOfPage\":{\"@id\":\"https:\/\/hbchockeyshop.com\/index.php\/produit\/t-shirt-hbc-aesio\/#primaryimage\"},\"image\":{\"@id\":\"https:\/\/hbchockeyshop.com\/index.php\/produit\/t-shirt-hbc-aesio\/#primaryimage\"},\"thumbnailUrl\":\"https:\/\/hbchockeyshop.com\/wp-content\/uploads\/2021\/04\/unisex-basic-softstyle-t-shirt-navy-front-605ee1e783e2a.png\",\"datePublished\":\"2021-04-21T13:24:50+00:00\",\"dateModified\":\"2021-04-23T17:54:41+00:00\",\"breadcrumb\":{\"@id\":\"https:\/\/hbchockeyshop.com\/index.php\/produit\/t-shirt-hbc-aesio\/#breadcrumb\"},\"inLanguage\":\"fr-FR\",\"potentialAction\":[{\"@type\":\"ReadAction\",\"target\":[\"https:\/\/hbchockeyshop.com\/index.php\/produit\/t-shirt-hbc-aesio\/\"]}]},{\"@type\":\"ImageObject\",\"inLanguage\":\"fr-FR\",\"@id\":\"https:\/\/hbchockeyshop.com\/index.php\/produit\/t-shirt-hbc-aesio\/#primaryimage\",\"url\":\"https:\/\/hbchockeyshop.com\/wp-content\/uploads\/2021\/04\/unisex-basic-softstyle-t-shirt-navy-front-605ee1e783e2a.png\",\"contentUrl\":\"https:\/\/hbchockeyshop.com\/wp-content\/uploads\/2021\/04\/unisex-basic-softstyle-t-shirt-navy-front-605ee1e783e2a.png\",\"width\":1000,\"height\":1000},{\"@type\":\"BreadcrumbList\",\"@id\":\"https:\/\/hbchockeyshop.com\/index.php\/produit\/t-shirt-hbc-aesio\/#breadcrumb\",\"itemListElement\":[{\"@type\":\"ListItem\",\"position\":1,\"name\":\"Accueil\",\"item\":\"https:\/\/hbchockeyshop.com\/\"},{\"@type\":\"ListItem\",\"position\":2,\"name\":\"Shop\",\"item\":\"https:\/\/hbchockeyshop.com\/index.php\/shop\/\"},{\"@type\":\"ListItem\",\"position\":3,\"name\":\"T-Shirt HBC Aesio\"}]},{\"@type\":\"WebSite\",\"@id\":\"https:\/\/hbchockeyshop.com\/#website\",\"url\":\"https:\/\/hbchockeyshop.com\/\",\"name\":\"HBC Shop\",\"description\":\"\",\"publisher\":{\"@id\":\"https:\/\/hbchockeyshop.com\/#organization\"},\"potentialAction\":[{\"@type\":\"SearchAction\",\"target\":{\"@type\":\"EntryPoint\",\"urlTemplate\":\"https:\/\/hbchockeyshop.com\/?s={search_term_string}\"},\"query-input\":{\"@type\":\"PropertyValueSpecification\",\"valueRequired\":true,\"valueName\":\"search_term_string\"}}],\"inLanguage\":\"fr-FR\"},{\"@type\":\"Organization\",\"@id\":\"https:\/\/hbchockeyshop.com\/#organization\",\"name\":\"HBC Hockey Shop\",\"url\":\"https:\/\/hbchockeyshop.com\/\",\"logo\":{\"@type\":\"ImageObject\",\"inLanguage\":\"fr-FR\",\"@id\":\"https:\/\/hbchockeyshop.com\/#\/schema\/logo\/image\/\",\"url\":\"https:\/\/hbchockeyshop.com\/wp-content\/uploads\/2021\/06\/C41D0B17-6441-440B-82D0-B36223D45945.jpeg\",\"contentUrl\":\"https:\/\/hbchockeyshop.com\/wp-content\/uploads\/2021\/06\/C41D0B17-6441-440B-82D0-B36223D45945.jpeg\",\"width\":960,\"height\":960,\"caption\":\"HBC Hockey Shop\"},\"image\":{\"@id\":\"https:\/\/hbchockeyshop.com\/#\/schema\/logo\/image\/\"}}]}<\/script>\n<!-- \/ Yoast SEO plugin. -->","yoast_head_json":{"title":"T-Shirt HBC Aesio - HBC Shop","robots":{"index":"index","follow":"follow","max-snippet":"max-snippet:-1","max-image-preview":"max-image-preview:large","max-video-preview":"max-video-preview:-1"},"canonical":"https:\/\/hbchockeyshop.com\/index.php\/produit\/t-shirt-hbc-aesio\/","og_locale":"fr_FR","og_type":"article","og_title":"T-Shirt HBC Aesio - HBC Shop","og_description":"T-shirt HBC Aesio Ce T-shirt softstyle \u00a0est un article de r\u00e9f\u00e9rence pour toute garde-robe devrait avoir. Il est fabriqu\u00e9 dans un tissu de coton durable et pr\u00e9sente une encolure et des manches \u00e0 double piq\u00fbre. 100 % coton fil\u00e9 \u00e0 l\u2019anneau La couleur Sport Grey contient 90 % de coton fil\u00e9 \u00e0 l\u2019anneau,10 % polyester [&hellip;]","og_url":"https:\/\/hbchockeyshop.com\/index.php\/produit\/t-shirt-hbc-aesio\/","og_site_name":"HBC Shop","article_modified_time":"2021-04-23T17:54:41+00:00","og_image":[{"width":1000,"height":1000,"url":"https:\/\/hbchockeyshop.com\/wp-content\/uploads\/2021\/04\/unisex-basic-softstyle-t-shirt-navy-front-605ee1e783e2a.png","type":"image\/png"}],"twitter_card":"summary_large_image","schema":{"@context":"https:\/\/schema.org","@graph":[{"@type":"WebPage","@id":"https:\/\/hbchockeyshop.com\/index.php\/produit\/t-shirt-hbc-aesio\/","url":"https:\/\/hbchockeyshop.com\/index.php\/produit\/t-shirt-hbc-aesio\/","name":"T-Shirt HBC Aesio - HBC Shop","isPartOf":{"@id":"https:\/\/hbchockeyshop.com\/#website"},"primaryImageOfPage":{"@id":"https:\/\/hbchockeyshop.com\/index.php\/produit\/t-shirt-hbc-aesio\/#primaryimage"},"image":{"@id":"https:\/\/hbchockeyshop.com\/index.php\/produit\/t-shirt-hbc-aesio\/#primaryimage"},"thumbnailUrl":"https:\/\/hbchockeyshop.com\/wp-content\/uploads\/2021\/04\/unisex-basic-softstyle-t-shirt-navy-front-605ee1e783e2a.png","datePublished":"2021-04-21T13:24:50+00:00","dateModified":"2021-04-23T17:54:41+00:00","breadcrumb":{"@id":"https:\/\/hbchockeyshop.com\/index.php\/produit\/t-shirt-hbc-aesio\/#breadcrumb"},"inLanguage":"fr-FR","potentialAction":[{"@type":"ReadAction","target":["https:\/\/hbchockeyshop.com\/index.php\/produit\/t-shirt-hbc-aesio\/"]}]},{"@type":"ImageObject","inLanguage":"fr-FR","@id":"https:\/\/hbchockeyshop.com\/index.php\/produit\/t-shirt-hbc-aesio\/#primaryimage","url":"https:\/\/hbchockeyshop.com\/wp-content\/uploads\/2021\/04\/unisex-basic-softstyle-t-shirt-navy-front-605ee1e783e2a.png","contentUrl":"https:\/\/hbchockeyshop.com\/wp-content\/uploads\/2021\/04\/unisex-basic-softstyle-t-shirt-navy-front-605ee1e783e2a.png","width":1000,"height":1000},{"@type":"BreadcrumbList","@id":"https:\/\/hbchockeyshop.com\/index.php\/produit\/t-shirt-hbc-aesio\/#breadcrumb","itemListElement":[{"@type":"ListItem","position":1,"name":"Accueil","item":"https:\/\/hbchockeyshop.com\/"},{"@type":"ListItem","position":2,"name":"Shop","item":"https:\/\/hbchockeyshop.com\/index.php\/shop\/"},{"@type":"ListItem","position":3,"name":"T-Shirt HBC Aesio"}]},{"@type":"WebSite","@id":"https:\/\/hbchockeyshop.com\/#website","url":"https:\/\/hbchockeyshop.com\/","name":"HBC Shop","description":"","publisher":{"@id":"https:\/\/hbchockeyshop.com\/#organization"},"potentialAction":[{"@type":"SearchAction","target":{"@type":"EntryPoint","urlTemplate":"https:\/\/hbchockeyshop.com\/?s={search_term_string}"},"query-input":{"@type":"PropertyValueSpecification","valueRequired":true,"valueName":"search_term_string"}}],"inLanguage":"fr-FR"},{"@type":"Organization","@id":"https:\/\/hbchockeyshop.com\/#organization","name":"HBC Hockey Shop","url":"https:\/\/hbchockeyshop.com\/","logo":{"@type":"ImageObject","inLanguage":"fr-FR","@id":"https:\/\/hbchockeyshop.com\/#\/schema\/logo\/image\/","url":"https:\/\/hbchockeyshop.com\/wp-content\/uploads\/2021\/06\/C41D0B17-6441-440B-82D0-B36223D45945.jpeg","contentUrl":"https:\/\/hbchockeyshop.com\/wp-content\/uploads\/2021\/06\/C41D0B17-6441-440B-82D0-B36223D45945.jpeg","width":960,"height":960,"caption":"HBC Hockey Shop"},"image":{"@id":"https:\/\/hbchockeyshop.com\/#\/schema\/logo\/image\/"}}]}},"_links":{"self":[{"href":"https:\/\/hbchockeyshop.com\/index.php\/wp-json\/wp\/v2\/product\/2659","targetHints":{"allow":["GET"]}}],"collection":[{"href":"https:\/\/hbchockeyshop.com\/index.php\/wp-json\/wp\/v2\/product"}],"about":[{"href":"https:\/\/hbchockeyshop.com\/index.php\/wp-json\/wp\/v2\/types\/product"}],"replies":[{"embeddable":true,"href":"https:\/\/hbchockeyshop.com\/index.php\/wp-json\/wp\/v2\/comments?post=2659"}],"version-history":[{"count":1,"href":"https:\/\/hbchockeyshop.com\/index.php\/wp-json\/wp\/v2\/product\/2659\/revisions"}],"predecessor-version":[{"id":2663,"href":"https:\/\/hbchockeyshop.com\/index.php\/wp-json\/wp\/v2\/product\/2659\/revisions\/2663"}],"wp:featuredmedia":[{"embeddable":true,"href":"https:\/\/hbchockeyshop.com\/index.php\/wp-json\/wp\/v2\/media\/2662"}],"wp:attachment":[{"href":"https:\/\/hbchockeyshop.com\/index.php\/wp-json\/wp\/v2\/media?parent=2659"}],"wp:term":[{"taxonomy":"product_brand","embeddable":true,"href":"https:\/\/hbchockeyshop.com\/index.php\/wp-json\/wp\/v2\/product_brand?post=2659"},{"taxonomy":"product_cat","embeddable":true,"href":"https:\/\/hbchockeyshop.com\/index.php\/wp-json\/wp\/v2\/product_cat?post=2659"},{"taxonomy":"product_tag","embeddable":true,"href":"https:\/\/hbchockeyshop.com\/index.php\/wp-json\/wp\/v2\/product_tag?post=2659"}],"curies":[{"name":"wp","href":"https:\/\/api.w.org\/{rel}","templated":true}]}}